{"id":6019,"date":"2017-09-01T18:44:54","date_gmt":"2017-09-01T18:44:54","guid":{"rendered":"http:\/\/themenectar.com\/demo\/salient-corporate-2\/?page_id=209"},"modified":"2022-06-10T15:40:43","modified_gmt":"2022-06-10T15:40:43","slug":"corporate-2-news","status":"publish","type":"page","link":"https:\/\/ltr1.eu\/?page_id=6019","title":{"rendered":"Biuro Projektowe"},"content":{"rendered":"[vc_row type=&#8221;in_container&#8221; full_screen_row_position=&#8221;middle&#8221; column_margin=&#8221;40px&#8221; equal_height=&#8221;yes&#8221; content_placement=&#8221;middle&#8221; column_direction=&#8221;default&#8221; column_direction_tablet=&#8221;default&#8221; column_direction_phone=&#8221;default&#8221; scene_position=&#8221;center&#8221; top_padding=&#8221;4%&#8221; bottom_padding=&#8221;4%&#8221; text_color=&#8221;dark&#8221; text_align=&#8221;left&#8221; row_border_radius=&#8221;none&#8221; row_border_radius_applies=&#8221;bg&#8221; overlay_strength=&#8221;0.3&#8243; gradient_direction=&#8221;left_to_right&#8221; shape_divider_position=&#8221;bottom&#8221; bg_image_animation=&#8221;none&#8221; shape_type=&#8221;&#8221;][vc_column column_padding=&#8221;padding-2-percent&#8221; column_padding_tablet=&#8221;inherit&#8221; column_padding_phone=&#8221;inherit&#8221; column_padding_position=&#8221;top-bottom&#8221; background_color_opacity=&#8221;1&#8243; background_hover_color_opacity=&#8221;1&#8243; column_shadow=&#8221;none&#8221; column_border_radius=&#8221;none&#8221; column_link_target=&#8221;_self&#8221; gradient_direction=&#8221;left_to_right&#8221; overlay_strength=&#8221;0.3&#8243; width=&#8221;1\/2&#8243; tablet_width_inherit=&#8221;default&#8221; tablet_text_alignment=&#8221;default&#8221; phone_text_alignment=&#8221;default&#8221; column_border_width=&#8221;none&#8221; column_border_style=&#8221;solid&#8221; bg_image_animation=&#8221;none&#8221;][nectar_animated_title heading_tag=&#8221;h5&#8243; style=&#8221;color-strip-reveal&#8221; color=&#8221;Accent-Color&#8221; text=&#8221;Biuro projektowe&#8221;][vc_column_text]<span style=\"font-weight: 400;\">By wyj\u015b\u0107 naprzeciw Pa\u0144stwa oczekiwaniom oferujemy r\u00f3wnie\u017c profesjonaln\u0105 us\u0142ug\u0119 projektow\u0105. Nasi architekci zaprojektuj\u0105 dla Pa\u0144stwa zar\u00f3wno meble jak i wn\u0119trza. Pomog\u0105 w doborze materia\u0142\u00f3w wyko\u0144czeniowych, czy jak\u017ce istotnego w lokalach u\u017cytkowych o\u015bwietlenia.<\/span><\/p>\n<p><span style=\"font-weight: 400;\">Specjalizujemy si\u0119 w kreowaniu wizerunku marek, projektowaniu produktu oraz projektowaniu architektonicznego wn\u0119trz i architektury, z szczeg\u00f3lnym uwzgl\u0119dnieniem przestrzeni handlowych i biurowych.<\/span>[\/vc_column_text][\/vc_column][vc_column column_padding=&#8221;padding-5-percent&#8221; column_padding_tablet=&#8221;inherit&#8221; column_padding_phone=&#8221;inherit&#8221; column_padding_position=&#8221;all&#8221; background_color_opacity=&#8221;1&#8243; background_hover_color_opacity=&#8221;1&#8243; background_image=&#8221;6103&#8243; background_image_position=&#8221;center center&#8221; enable_bg_scale=&#8221;true&#8221; column_shadow=&#8221;none&#8221; column_border_radius=&#8221;none&#8221; column_link_target=&#8221;_self&#8221; gradient_direction=&#8221;left_to_right&#8221; overlay_strength=&#8221;0.3&#8243; width=&#8221;1\/2&#8243; tablet_width_inherit=&#8221;default&#8221; tablet_text_alignment=&#8221;default&#8221; phone_text_alignment=&#8221;default&#8221; column_border_width=&#8221;none&#8221; column_border_style=&#8221;solid&#8221; bg_image_animation=&#8221;zoom-out-reveal&#8221;][\/vc_column][\/vc_row][vc_row type=&#8221;full_width_background&#8221; full_screen_row_position=&#8221;middle&#8221; column_margin=&#8221;default&#8221; column_direction=&#8221;default&#8221; column_direction_tablet=&#8221;default&#8221; column_direction_phone=&#8221;default&#8221; bg_color=&#8221;#ffffff&#8221; scene_position=&#8221;center&#8221; top_padding=&#8221;0%&#8221; bottom_padding=&#8221;6%&#8221; text_color=&#8221;dark&#8221; text_align=&#8221;left&#8221; row_border_radius=&#8221;none&#8221; row_border_radius_applies=&#8221;bg&#8221; overlay_strength=&#8221;0.3&#8243; gradient_direction=&#8221;left_to_right&#8221; shape_divider_position=&#8221;bottom&#8221; bg_image_animation=&#8221;none&#8221; shape_type=&#8221;&#8221;][vc_column column_padding=&#8221;no-extra-padding&#8221; column_padding_tablet=&#8221;inherit&#8221; column_padding_phone=&#8221;inherit&#8221; column_padding_position=&#8221;all&#8221; background_color_opacity=&#8221;1&#8243; background_hover_color_opacity=&#8221;1&#8243; column_shadow=&#8221;none&#8221; column_border_radius=&#8221;none&#8221; column_link_target=&#8221;_self&#8221; gradient_direction=&#8221;left_to_right&#8221; overlay_strength=&#8221;0.3&#8243; width=&#8221;1\/1&#8243; tablet_width_inherit=&#8221;default&#8221; tablet_text_alignment=&#8221;default&#8221; phone_text_alignment=&#8221;default&#8221; column_border_width=&#8221;none&#8221; column_border_style=&#8221;solid&#8221; bg_image_animation=&#8221;none&#8221;][tabbed_section style=&#8221;material&#8221; alignment=&#8221;center&#8221; spacing=&#8221;side-15px&#8221; tab_color=&#8221;Accent-Color&#8221; full_width_line=&#8221;true&#8221; icon_size=&#8221;30&#8243;][tab icon_family=&#8221;iconsmind&#8221; title=&#8221;Wst\u0119pna analiza&#8221; id=&#8221;1651268990172-3&#8243; tab_id=&#8221;1651268990172-7&#8243; icon_iconsmind=&#8221;iconsmind-Handshake&#8221;][vc_row_inner column_margin=&#8221;default&#8221; column_direction=&#8221;default&#8221; column_direction_tablet=&#8221;default&#8221; column_direction_phone=&#8221;default&#8221; top_padding=&#8221;20&#8243; text_align=&#8221;left&#8221;][vc_column_inner column_padding=&#8221;padding-3-percent&#8221; column_padding_tablet=&#8221;inherit&#8221; column_padding_phone=&#8221;inherit&#8221; column_padding_position=&#8221;all&#8221; centered_text=&#8221;true&#8221; background_color_opacity=&#8221;1&#8243; background_hover_color_opacity=&#8221;1&#8243; column_shadow=&#8221;none&#8221; column_border_radius=&#8221;none&#8221; column_link_target=&#8221;_self&#8221; gradient_direction=&#8221;left_to_right&#8221; overlay_strength=&#8221;0.3&#8243; width=&#8221;1\/1&#8243; tablet_width_inherit=&#8221;default&#8221; column_border_width=&#8221;none&#8221; column_border_style=&#8221;solid&#8221; bg_image_animation=&#8221;none&#8221; enable_animation=&#8221;true&#8221; animation=&#8221;fade-in-from-bottom&#8221;][vc_column_text]<span style=\"font-weight: 400;\">Celem tego etapu projektowania jest poznanie Pa\u0144stwa, jak i potrzeb. Nasz do\u015bwiadczony zesp\u00f3\u0142 architekt\u00f3w zadba o przeprowadzenie analizy. Na podstawie, kt\u00f3rej zostanie nast\u0119pnie oparty ca\u0142y koncept Pa\u0144stwa projektu. Te dzia\u0142ania pozwalaj\u0105 nam na ocenieniu r\u00f3wnie\u017c stanu technicznego lokalu, instalacji, oraz potencjalny zakres przebudowy lokalu. Sprawdzane s\u0105 r\u00f3wnie\u017c wszelki kwestie dotycz\u0105ce konstrukcji. Wszystko to ma na celu jak najlepsze dopasowanie si\u0119 standard\u00f3w brandu oraz zaoszcz\u0119dzenie Pa\u0144stwa cennego czasu w p\u00f3\u017aniejszych etap projektowanie.\u00a0<\/span><\/p>\n<p><i><span style=\"font-weight: 400;\">\u201cArchitektura polega na zachowaniu trzech zasad: trwa\u0142o\u015bci, u\u017cyteczno\u015bci i pi\u0119kna\u201d\u00a0<\/span><\/i><\/p>\n<p><i><span style=\"font-weight: 400;\">Cyt. Witruwiusz <\/span><\/i>[\/vc_column_text][\/vc_column_inner][\/vc_row_inner][\/tab][tab icon_family=&#8221;iconsmind&#8221; title=&#8221;Inwentaryzacja&#8221; id=&#8221;1651268990250-0&#8243; tab_id=&#8221;1651268990251-5&#8243; icon_iconsmind=&#8221;iconsmind-Bulleted-List&#8221;][vc_row_inner column_margin=&#8221;default&#8221; column_direction=&#8221;default&#8221; column_direction_tablet=&#8221;default&#8221; column_direction_phone=&#8221;default&#8221; top_padding=&#8221;20&#8243; text_align=&#8221;left&#8221;][vc_column_inner column_padding=&#8221;no-extra-padding&#8221; column_padding_tablet=&#8221;inherit&#8221; column_padding_phone=&#8221;inherit&#8221; column_padding_position=&#8221;all&#8221; background_color_opacity=&#8221;1&#8243; background_hover_color_opacity=&#8221;1&#8243; column_shadow=&#8221;none&#8221; column_border_radius=&#8221;none&#8221; column_link_target=&#8221;_self&#8221; gradient_direction=&#8221;left_to_right&#8221; overlay_strength=&#8221;0.3&#8243; width=&#8221;1\/1&#8243; tablet_width_inherit=&#8221;default&#8221; column_border_width=&#8221;none&#8221; column_border_style=&#8221;solid&#8221; bg_image_animation=&#8221;none&#8221; enable_animation=&#8221;true&#8221; animation=&#8221;fade-in-from-bottom&#8221;][vc_column_text css=&#8221;.vc_custom_1651251943972{margin-bottom: 20px !important;}&#8221;]\n<p style=\"text-align: center;\"><span style=\"font-weight: 400;\">Ka\u017cdy projekt rozpoczyna si\u0119 od wykonania inwentaryzacji lokalu. Czynno\u015b\u0107 ta mo\u017ce zosta\u0107 zlecona naszym architektom, kt\u00f3rzy wykonaj\u0105 j\u0105 z najwy\u017csz\u0105 staranno\u015bci\u0105. Wymiary mog\u0105 te\u017c zosta\u0107 dostarczone przez Zamawiaj\u0105cego.<\/span><\/p>\n[\/vc_column_text][\/vc_column_inner][\/vc_row_inner][\/tab][tab icon_family=&#8221;iconsmind&#8221; title=&#8221;Projekt koncepcyjny&#8221; id=&#8221;1651268990319-7&#8243; tab_id=&#8221;1651268990320-8&#8243; icon_iconsmind=&#8221;iconsmind-Pencil-Ruler&#8221;][vc_row_inner column_margin=&#8221;default&#8221; column_direction=&#8221;default&#8221; column_direction_tablet=&#8221;default&#8221; column_direction_phone=&#8221;default&#8221; top_padding=&#8221;20&#8243; text_align=&#8221;left&#8221;][vc_column_inner column_padding=&#8221;padding-3-percent&#8221; column_padding_tablet=&#8221;inherit&#8221; column_padding_phone=&#8221;inherit&#8221; column_padding_position=&#8221;all&#8221; centered_text=&#8221;true&#8221; background_color_opacity=&#8221;1&#8243; background_hover_color_opacity=&#8221;1&#8243; column_shadow=&#8221;none&#8221; column_border_radius=&#8221;none&#8221; column_link_target=&#8221;_self&#8221; gradient_direction=&#8221;left_to_right&#8221; overlay_strength=&#8221;0.3&#8243; width=&#8221;1\/1&#8243; tablet_width_inherit=&#8221;default&#8221; column_border_width=&#8221;none&#8221; column_border_style=&#8221;solid&#8221; bg_image_animation=&#8221;none&#8221; enable_animation=&#8221;true&#8221; animation=&#8221;fade-in-from-bottom&#8221;][vc_column_text]<span style=\"font-weight: 400;\">To tu zaczyna si\u0119 najpi\u0119kniejsza cz\u0119\u015b\u0107 pracy ka\u017cdego architekta, kt\u00f3ra ma na celu zebranie wszystkich informacji z analizy i przeobra\u017cenie ich w model 3D. Na podstawie modelu zaczyna si\u0119 wsp\u00f3lna wsp\u00f3\u0142praca, kt\u00f3rej efektem b\u0119dzie koncept spe\u0142niaj\u0105cy za\u0142o\u017cenia i oczekiwania. W celu okre\u015blenia i dopasowania si\u0119 do Pa\u0144stwa potrzeb podzielili\u015bmy projekt koncepcyjny na 3 warianty:\u00a0<\/span>[\/vc_column_text][\/vc_column_inner][\/vc_row_inner][vc_row_inner column_margin=&#8221;default&#8221; column_direction=&#8221;default&#8221; column_direction_tablet=&#8221;default&#8221; column_direction_phone=&#8221;default&#8221; text_align=&#8221;left&#8221;][vc_column_inner column_padding=&#8221;no-extra-padding&#8221; column_padding_tablet=&#8221;inherit&#8221; column_padding_phone=&#8221;inherit&#8221; column_padding_position=&#8221;all&#8221; background_color_opacity=&#8221;1&#8243; background_hover_color_opacity=&#8221;1&#8243; column_shadow=&#8221;none&#8221; column_border_radius=&#8221;none&#8221; column_link_target=&#8221;_self&#8221; gradient_direction=&#8221;left_to_right&#8221; overlay_strength=&#8221;0.3&#8243; width=&#8221;1\/3&#8243; tablet_width_inherit=&#8221;default&#8221; column_border_width=&#8221;none&#8221; column_border_style=&#8221;solid&#8221; bg_image_animation=&#8221;none&#8221;][fancy_box box_style=&#8221;hover_desc&#8221; icon_family=&#8221;none&#8221; image_url=&#8221;6050&#8243; hover_color=&#8221;accent-color&#8221; box_alignment=&#8221;left&#8221; hover_desc_bg_animation=&#8221;long_zoom&#8221; border_radius=&#8221;default&#8221; image_loading=&#8221;default&#8221; hover_content=&#8221;Zesp\u00f3\u0142 architekt\u00f3w skupia si\u0119 na aran\u017cacji mebli bez ingerencji w pozosta\u0142\u0105 cz\u0119\u015b\u0107 lokalu. Wyj\u0105tkiem jest zaprojektowanie lub rozbudowa istniej\u0105cej instalacji elektrycznej i wodno-kanalizacyjnej uzale\u017cnionej od zaprojektowanych rozwi\u0105za\u0144 meblowych.&#8221; min_height=&#8221;500&#8243;]\n<h3>Wariant 1<\/h3>\n[\/fancy_box][\/vc_column_inner][vc_column_inner column_padding=&#8221;no-extra-padding&#8221; column_padding_tablet=&#8221;inherit&#8221; column_padding_phone=&#8221;inherit&#8221; column_padding_position=&#8221;all&#8221; background_color_opacity=&#8221;1&#8243; background_hover_color_opacity=&#8221;1&#8243; column_shadow=&#8221;none&#8221; column_border_radius=&#8221;none&#8221; column_link_target=&#8221;_self&#8221; gradient_direction=&#8221;left_to_right&#8221; overlay_strength=&#8221;0.3&#8243; width=&#8221;1\/3&#8243; tablet_width_inherit=&#8221;default&#8221; column_border_width=&#8221;none&#8221; column_border_style=&#8221;solid&#8221; bg_image_animation=&#8221;none&#8221;][fancy_box box_style=&#8221;hover_desc&#8221; icon_family=&#8221;none&#8221; image_url=&#8221;6051&#8243; hover_color=&#8221;accent-color&#8221; box_alignment=&#8221;left&#8221; hover_desc_bg_animation=&#8221;long_zoom&#8221; border_radius=&#8221;default&#8221; image_loading=&#8221;default&#8221; hover_content=&#8221;Ten wariant b\u0119dzie zawiera\u0142 zakres z wcze\u015bniejszego wariantu rozszerzony o dodatkowe us\u0142ugi<br \/>\nW tym wariancie projekt zawiera aran\u017cacj\u0119 \u015bcian, dob\u00f3r farb, tapet uzale\u017cnionych od przeznaczenia lokalu.&#8221; min_height=&#8221;500&#8243;]\n<h3>Wariant 2<\/h3>\n[\/fancy_box][\/vc_column_inner][vc_column_inner column_padding=&#8221;no-extra-padding&#8221; column_padding_tablet=&#8221;inherit&#8221; column_padding_phone=&#8221;inherit&#8221; column_padding_position=&#8221;all&#8221; background_color_opacity=&#8221;1&#8243; background_hover_color_opacity=&#8221;1&#8243; column_shadow=&#8221;none&#8221; column_border_radius=&#8221;none&#8221; column_link_target=&#8221;_self&#8221; gradient_direction=&#8221;left_to_right&#8221; overlay_strength=&#8221;0.3&#8243; width=&#8221;1\/3&#8243; tablet_width_inherit=&#8221;default&#8221; column_border_width=&#8221;none&#8221; column_border_style=&#8221;solid&#8221; bg_image_animation=&#8221;none&#8221;][fancy_box box_style=&#8221;hover_desc&#8221; icon_family=&#8221;none&#8221; image_url=&#8221;6052&#8243; hover_color=&#8221;accent-color&#8221; box_alignment=&#8221;left&#8221; hover_desc_bg_animation=&#8221;long_zoom&#8221; border_radius=&#8221;default&#8221; image_loading=&#8221;default&#8221; min_height=&#8221;500&#8243; hover_content=&#8221;Ten wariant zawiera zakres z wcze\u015bniejszych wariant\u00f3w rozszerzony o dodatkowe us\u0142ugi<br \/>\nOstatnia wersja projektu koncepcyjnego adekwatna jest dla os\u00f3b, kt\u00f3re potrzebuj\u0105 kompleksowej aran\u017cacji wn\u0119trza. Jest ona rozbudowana o projekt sufitu i instalacji elektrycznej wraz z doborem opraw o\u015bwietleniowych oraz specjalistycznego projektu nat\u0119\u017cenia \u015bwiat\u0142em sztucznych.&#8221;]\n<h3>Wariant 3<\/h3>\n[\/fancy_box][\/vc_column_inner][\/vc_row_inner][\/tab][tab icon_family=&#8221;iconsmind&#8221; title=&#8221;Projekt wykonawczy&#8221; id=&#8221;1651268990451-5&#8243; tab_id=&#8221;1651268990452-8&#8243; icon_iconsmind=&#8221;iconsmind-Gears&#8221;][vc_row_inner column_margin=&#8221;default&#8221; column_direction=&#8221;default&#8221; column_direction_tablet=&#8221;default&#8221; column_direction_phone=&#8221;default&#8221; top_padding=&#8221;20&#8243; text_align=&#8221;left&#8221;][vc_column_inner column_padding=&#8221;no-extra-padding&#8221; column_padding_tablet=&#8221;inherit&#8221; column_padding_phone=&#8221;inherit&#8221; column_padding_position=&#8221;all&#8221; background_color_opacity=&#8221;1&#8243; background_hover_color_opacity=&#8221;1&#8243; column_shadow=&#8221;none&#8221; column_border_radius=&#8221;none&#8221; column_link_target=&#8221;_self&#8221; gradient_direction=&#8221;left_to_right&#8221; overlay_strength=&#8221;0.3&#8243; width=&#8221;1\/1&#8243; tablet_width_inherit=&#8221;default&#8221; column_border_width=&#8221;none&#8221; column_border_style=&#8221;solid&#8221; bg_image_animation=&#8221;none&#8221; enable_animation=&#8221;true&#8221; animation=&#8221;fade-in-from-bottom&#8221;][vc_column_text css=&#8221;.vc_custom_1651252421812{margin-bottom: 20px !important;}&#8221;]<span style=\"font-weight: 400;\">Ma on miejsce po zako\u0144czeniu etapu projektu koncepcyjnego. Jest to zbi\u00f3r rysunk\u00f3w technicznych potrzebnych do prawid\u0142owego wykonania projektu na budowie. Ka\u017cdy element zostaje opisany oraz zwymiarowany. Taka dokumentacja to u\u0142atwienie dla Zamawiaj\u0105cego oraz ekipy remontowo-budowlanej.\u00a0<\/span><\/p>\n<p><span style=\"font-weight: 400;\">Na ka\u017cdy rysunku do\u0142\u0105czana jest legenda z opisanymi materia\u0142ami, kt\u00f3re zosta\u0142y u\u017cyte w projekcie.\u00a0<\/span><\/p>\n<p><span style=\"font-weight: 400;\">Korzystaj\u0105c z do\u015bwiadczenia proponujemy wybra\u0107 us\u0142ug\u0119 kompleksow\u0105, na kt\u00f3r\u0105 sk\u0142ada si\u0119 projekt koncepcyjny lokalu wraz z projektem wykonawczym.<\/span>[\/vc_column_text][\/vc_column_inner][\/vc_row_inner][\/tab][tab icon_family=&#8221;iconsmind&#8221; title=&#8221;Projekt mebla&#8221; id=&#8221;1651268990495-5&#8243; tab_id=&#8221;1651268990496-6&#8243; icon_iconsmind=&#8221;iconsmind-Box-Close&#8221;][vc_row_inner column_margin=&#8221;default&#8221; column_direction=&#8221;default&#8221; column_direction_tablet=&#8221;default&#8221; column_direction_phone=&#8221;default&#8221; top_padding=&#8221;20&#8243; text_align=&#8221;left&#8221;][vc_column_inner column_padding=&#8221;no-extra-padding&#8221; column_padding_tablet=&#8221;inherit&#8221; column_padding_phone=&#8221;inherit&#8221; column_padding_position=&#8221;all&#8221; background_color_opacity=&#8221;1&#8243; background_hover_color_opacity=&#8221;1&#8243; column_shadow=&#8221;none&#8221; column_border_radius=&#8221;none&#8221; column_link_target=&#8221;_self&#8221; gradient_direction=&#8221;left_to_right&#8221; overlay_strength=&#8221;0.3&#8243; width=&#8221;1\/1&#8243; tablet_width_inherit=&#8221;default&#8221; column_border_width=&#8221;none&#8221; column_border_style=&#8221;solid&#8221; bg_image_animation=&#8221;none&#8221; enable_animation=&#8221;true&#8221; animation=&#8221;fade-in-from-bottom&#8221;][vc_column_text css=&#8221;.vc_custom_1651252589200{margin-bottom: 20px !important;}&#8221;]<span style=\"font-weight: 400;\">Zakres oferowanych us\u0142ug przez nasz zesp\u00f3\u0142 architekt\u00f3w obejmuje r\u00f3wnie\u017c zaprojektowanie mebla lub serii mebli.<\/span>[\/vc_column_text][\/vc_column_inner][\/vc_row_inner][\/tab][tab icon_family=&#8221;iconsmind&#8221; title=&#8221;Nadz\u00f3r autorski&#8221; id=&#8221;1651268990533-5&#8243; tab_id=&#8221;1651268990533-1&#8243; icon_iconsmind=&#8221;iconsmind-Equalizer&#8221;][vc_row_inner column_margin=&#8221;default&#8221; column_direction=&#8221;default&#8221; column_direction_tablet=&#8221;default&#8221; column_direction_phone=&#8221;default&#8221; top_padding=&#8221;20&#8243; text_align=&#8221;left&#8221;][vc_column_inner column_padding=&#8221;no-extra-padding&#8221; column_padding_tablet=&#8221;inherit&#8221; column_padding_phone=&#8221;inherit&#8221; column_padding_position=&#8221;all&#8221; background_color_opacity=&#8221;1&#8243; background_hover_color_opacity=&#8221;1&#8243; column_shadow=&#8221;none&#8221; column_border_radius=&#8221;none&#8221; column_link_target=&#8221;_self&#8221; gradient_direction=&#8221;left_to_right&#8221; overlay_strength=&#8221;0.3&#8243; width=&#8221;1\/1&#8243; tablet_width_inherit=&#8221;default&#8221; column_border_width=&#8221;none&#8221; column_border_style=&#8221;solid&#8221; bg_image_animation=&#8221;none&#8221; enable_animation=&#8221;true&#8221; animation=&#8221;fade-in-from-bottom&#8221;][vc_column_text css=&#8221;.vc_custom_1651252607340{margin-bottom: 20px !important;}&#8221;]<span style=\"font-weight: 400;\">Architekt osobi\u015bcie koordynuje prace wdro\u017ceniowe na budowie oraz nadzoruje, ka\u017cdy etap prac. Pozwala to ograniczy\u0107 anga\u017cowanie inwestora co przek\u0142ada si\u0119 na oszcz\u0119dno\u015b\u0107 czasu i daje gwarancje wykonania prac zgodnie z projektem i za\u0142o\u017ceniami.\u00a0<\/span>[\/vc_column_text][\/vc_column_inner][\/vc_row_inner][\/tab][tab icon_family=&#8221;iconsmind&#8221; title=&#8221;Realizacje&#8221; id=&#8221;1651268990319-7&#8243; tab_id=&#8221;1651268990320-8&#8243; icon_iconsmind=&#8221;iconsmind-Photo&#8221;][vc_row_inner column_margin=&#8221;default&#8221; column_direction=&#8221;default&#8221; column_direction_tablet=&#8221;default&#8221; column_direction_phone=&#8221;default&#8221; top_padding=&#8221;20&#8243; text_align=&#8221;left&#8221;][vc_column_inner column_padding=&#8221;padding-3-percent&#8221; column_padding_tablet=&#8221;inherit&#8221; column_padding_phone=&#8221;inherit&#8221; column_padding_position=&#8221;all&#8221; centered_text=&#8221;true&#8221; background_color_opacity=&#8221;1&#8243; background_hover_color_opacity=&#8221;1&#8243; column_shadow=&#8221;none&#8221; column_border_radius=&#8221;none&#8221; column_link_target=&#8221;_self&#8221; gradient_direction=&#8221;left_to_right&#8221; overlay_strength=&#8221;0.3&#8243; width=&#8221;1\/1&#8243; tablet_width_inherit=&#8221;default&#8221; column_border_width=&#8221;none&#8221; column_border_style=&#8221;solid&#8221; bg_image_animation=&#8221;none&#8221; enable_animation=&#8221;true&#8221; animation=&#8221;fade-in-from-bottom&#8221;][vc_gallery type=&#8221;image_grid&#8221; images=&#8221;6097,6098,6099,6100,6101,6102,6103,6104,6105,6106,6107,6108,6109,6110&#8243; layout=&#8221;4&#8243; masonry_style=&#8221;true&#8221; item_spacing=&#8221;default&#8221; gallery_style=&#8221;7&#8243; load_in_animation=&#8221;none&#8221;][\/vc_column_inner][\/vc_row_inner][\/tab][\/tabbed_section][\/vc_column][\/vc_row]\n","protected":false},"excerpt":{"rendered":"<p>[vc_row type=&#8221;in_container&#8221; full_screen_row_position=&#8221;middle&#8221; column_margin=&#8221;40px&#8221; equal_height=&#8221;yes&#8221; content_placement=&#8221;middle&#8221; column_direction=&#8221;default&#8221; column_direction_tablet=&#8221;default&#8221; column_direction_phone=&#8221;default&#8221; scene_position=&#8221;center&#8221; top_padding=&#8221;4%&#8221; bottom_padding=&#8221;4%&#8221; text_color=&#8221;dark&#8221; text_align=&#8221;left&#8221; row_border_radius=&#8221;none&#8221; row_border_radius_applies=&#8221;bg&#8221; overlay_strength=&#8221;0.3&#8243; gradient_direction=&#8221;left_to_right&#8221; shape_divider_position=&#8221;bottom&#8221; bg_image_animation=&#8221;none&#8221; shape_type=&#8221;&#8221;][vc_column column_padding=&#8221;padding-2-percent&#8221; column_padding_tablet=&#8221;inherit&#8221; column_padding_phone=&#8221;inherit&#8221; column_padding_position=&#8221;top-bottom&#8221;&#8230;<\/p>\n","protected":false},"author":1,"featured_media":0,"parent":0,"menu_order":0,"comment_status":"closed","ping_status":"closed","template":"","meta":{"footnotes":""},"class_list":["post-6019","page","type-page","status-publish"],"featured_image_src":null,"featured_image_src_square":null,"_links":{"self":[{"href":"https:\/\/ltr1.eu\/index.php?rest_route=\/wp\/v2\/pages\/6019","targetHints":{"allow":["GET"]}}],"collection":[{"href":"https:\/\/ltr1.eu\/index.php?rest_route=\/wp\/v2\/pages"}],"about":[{"href":"https:\/\/ltr1.eu\/index.php?rest_route=\/wp\/v2\/types\/page"}],"author":[{"embeddable":true,"href":"https:\/\/ltr1.eu\/index.php?rest_route=\/wp\/v2\/users\/1"}],"replies":[{"embeddable":true,"href":"https:\/\/ltr1.eu\/index.php?rest_route=%2Fwp%2Fv2%2Fcomments&post=6019"}],"version-history":[{"count":1,"href":"https:\/\/ltr1.eu\/index.php?rest_route=\/wp\/v2\/pages\/6019\/revisions"}],"predecessor-version":[{"id":6034,"href":"https:\/\/ltr1.eu\/index.php?rest_route=\/wp\/v2\/pages\/6019\/revisions\/6034"}],"wp:attachment":[{"href":"https:\/\/ltr1.eu\/index.php?rest_route=%2Fwp%2Fv2%2Fmedia&parent=6019"}],"curies":[{"name":"wp","href":"https:\/\/api.w.org\/{rel}","templated":true}]}}